/14 + 4/(56/38). Suppose o*m + 4*j = -5, 3*m + 7*j = 4*j. Let v(s) = s**2 - 4*s - 4. Determine v(m).
1
Let b(y) = 2*y**2 + 19*y + 8. Let f be 4*6/(-16) - 30/4. Let u be b(f). Let p(w) = 3*w. Give p(u).
-3
Let k(l) be the third derivative of 0*l + 2/3*l**3 - 1/15*l**5 - 15*l**2 + 0 - 1/120*l**6 + 0*l**4. What is k(-3)?
-5
Let u(m) be the first derivative of m**4/4 + m**3 - m**2/2 + 4*m + 392. Determine u(-4).
-8
Let v(r) = 114*r + 101*r - r**2 + 1 - 197*r. Give v(18).
1
Suppose 3*f = 37 + 35. Let s(k) = -24 + 3*k + k**2 - 2*k + f. Give s(1).
2
Suppose 38*f + 29 = -123. Let s(w) = -w**2 - 3*w - 3. Calculate s(f).
-7
Let v(a) = -a**3 - 10*a**2 + 12*a + 14. Let u = 578 + -589. Give v(u).
3
Let q(z) be the third derivative of -z**6/120 + z**5/12 - z**4/12 + z**3/3 - 194*z**2. What is q(5)?
-8
Let r(g) be the third derivative of 1/12*g**4 + 1/3*g**3 + 0 + 0*g - 23*g**2. Let o = 13 + -7. What is r(o)?
14
Let k(y) = 4*y + 6. Let g(c) = -c - 1. Let n(q) = -5*g(q) - k(q). Suppose 23*t = -15 - 31. Let w(i) = -4*i + 5. Let b(a) = t*w(a) - 11*n(a). Calculate b(2).
-5
Suppose -2*x + g + 6 - 7 = 0, -4*g = 4*x - 16. Let f(a) = 2*a**3 - 2*a**2 + 2*a - 1. Determine f(x).
1
Let p(v) = -59*v + 27. Let q(c) = -27*c + 13. Let k(t) = 6*p(t) - 13*q(t). Calculate k(-6).
11
Let z(i) = -2*i**2 + 3*i + 17. Let c(q) = q**2 - q - 8. Let w(k) = 13*c(k) + 6*z(k). Suppose -2*r - 4*u - 140 + 148 = 0, -5*r = 4*u + 4. Determine w(r).
-6
Let b(v) = -v**3 - 6*v**2 - 4*v - 2. Let c = 101 + -97. Suppose -c*t + 2*q = 5*q + 8, 0 = t + 4*q + 2. What is b(t)?
-10
Let i(o) = -4*o**3 - 4*o + 3. Let g be (((-24)/(-8))/3)/1. Calculate i(g).
-5
Let o be (108/8)/(-9)*40. Let p be o/25*(-5)/2. Let n(z) = p*z**2 + z**3 + z + z - 2*z**2 + 0*z**2 + 2. What is n(-4)?
-6
Let f(z) be the second derivative of -z**3/6 + 9*z**2/2 - 4*z - 89. Let d = -1 + 1. Calculate f(d).
9
Suppose 6 = -h - 1. Let p be (h - -6)/((-2)/6). Let a(q) = q - 5. Calculate a(p).
-2
Let a(d) = d**3 - 15*d**2 + 24*d + 20. Let b be a(13). Let s(z) = -z**3 - 5*z**2 + 7*z + 2. Determine s(b).
-4
Let k(n) = -4. Let z(g) = -13*g + 6. Let x(t) = -4*k(t) - z(t). Give x(-1).
-3
Let u(d) = -d**3 + 5*d**2 - 4*d + 5. Let v be u(4). Suppose 4*f + l + 3 = 0, 0 = -f - v*l + 29 - 6. Let j(g) = g**3 + 4*g**2 + 2*g + 3. Calculate j(f).
7
Let d(c) = 4*c + 5*c**2 - 5*c + 3 - 1038*c**3 + 1039*c**3. What is d(-5)?
8
Let k(n) = n**3 - n**2 - 1. Let r(y) be the first derivative of y**2/2 + 6*y + 4. Let g be r(-4). Determine k(g).
3
Let x(g) = g + 12. Let f be 5/2 - 2/(-4). Suppose 6 = -2*m + f*m. Suppose -4*c - 2*h + m = 0, 6 - 18 = -5*c - 4*h. Calculate x(c).
12
Suppose w - 29 = -3*u - 0, u - 7 = -3*w. Let s(n) = 22*n**2 - 7*n**2 - u*n**2 - 6*n**2. Determine s(3).
-9
Let i(d) = -d**2 + d - 2. Let h = 2 - -19. Let c = 12 - h. Let p be (-6)/c + 28/12. What is i(p)?
-8
Let l(c) = c. Let w be -8*1*21/(-21). Suppose -4*s + 5*q + 87 = 0, 39 = 3*s + 3*q + 2*q. Suppose -s = 2*n + 7*u - 3*u, 4*n + u + w = 0. Calculate l(n).
-1
Let j(w) = w**3 + w. Let f = 13 - -1. Let u(a) = -a + 3 + 10 - 1. Let v be u(f). Determine j(v).
-10
Suppose 0*z - 3*z = -3. Let s = z + -5. Let o(t) = -31*t - 5. Let v(n) = -11*n - 2. Let q(i) = 6*o(i) - 17*v(i). Give q(s).
0
Let a be 8/(-16)*(-12 + 2 + -4). Let d be (a/4*2)/(6/12). Let f(o) = o**2 - 6*o - 10. Give f(d).
-3
Let g be 14/35 - 266/(-10). Let u = g - 27. Let n(v) = v - 13. Give n(u).
-13
Suppose -5 = -6*q + 7. Let z(p) be the first derivative of -3*p**2/2 - p + 154. Calculate z(q).
-7
Let m(g) = -2*g - 9. Suppose 66 = -16*f - 14. Determine m(f).
1
Let m(g) be the first derivative of g**4/4 - 7*g**3/3 - 9*g**2 + 3*g - 107. Give m(9).
3
Let a(f) = -f - f + 3 - f - 1. Suppose -2784 + 2758 = 13*c. Calculate a(c).
8
Let u(q) = -q**3 + 4*q**2 + 3*q + 4. Let w be (10 - 0)/((-9)/(-36)). Let t = w + -36. Determine u(t).
16
Let f be (-1)/(-3) + 8/12. Let o = f - 1. Let r(y) = o*y**2 + y + 2*y**2 + 0*y + y**2. Calculate r(1).
4
Let w = -1055/3 - -352. Let j(a) be the third derivative of 0*a + 7/24*a**4 + 0 - 5*a**2 - w*a**3 - 1/60*a**5. What is j(7)?
-2
Suppose -12*v - 260 = 14*v. Let y(a) = -a**3 - 10*a**2 - a - 10. Give y(v).
0
Let y(v) = v. Let u be y(-1). Let c(d) = -41*d. Let o(i) = -13*i. Let x(g) = 4*c(g) - 11*o(g). Calculate x(u).
21
Suppose 185 - 53 = -33*f. Let w(r) = r - 4. Give w(f).
-8
Suppose 0 = -2*a - y - 6 - 5, a - y = -13. Let p(m) = m**2 + 7*m + 6. Calculate p(a).
14
Let o(q) = -2*q**2 - 3*q. Suppose -3*j - 2 = -71. Let s(m) = -m**3 + 23*m**2 - m + 21. Let b be s(j). What is o(b)?
-2
Let u(a) = -9*a**2 - 2*a - 1. Let m(r) = r**2 + r - 8. Let k be m(-4). Suppose 5*s + 19 = -4*o, -k*o + 5*s + 10 = o. Determine u(o).
-8
Let m(y) = -6*y + 3. Let h be m(-5). Let t = -26 + h. Suppose -3*w + 3 = 2*i + 12, -i - t = 4*w. Let n(b) = -b**2 - 2*b + 2. Determine n(i).
-1
Let t(i) = -2*i**2 - 22*i - 7. Let v(c) = -2*c**2 - 20*c - 9. Let o(s) = 5*t(s) - 4*v(s). Determine o(-15).
1
Let m(k) be the third derivative of -k**5/60 + 7*k**4/24 + 4*k**3 - 6*k**2 - 53*k. Determine m(10).
-6
Let t(g) = -2*g**3 + 4*g**2 - 4*g + 2. Suppose 0 = -m + 2*i, 5*m - 3 = -4*i + 11. Let h be -6 - (6/(-3) + m). Let r(d) = d + 8. Let o be r(h). Calculate t(o).
-6
Let c(s) = -s - 6. Let z(q) be the second derivative of q**4/12 + 5*q**3/6 - q**2/2 + 23*q. Let h be z(-4). Calculate c(h).
-1
Let v(b) = b + 1. Let z(s) = 5*s + 11. Let u(d) = 6*v(d) - z(d). Determine u(0).
-5
Let b(v) = -9*v + 60. Suppose w - 6*o + 10*o = 27, -4*o = -4*w + 8. What is b(w)?
-3
Let a(q) = q**3 + 3*q**2 - 2*q - 4. Let l = -11 - -15. Let b(j) = 2*j**3 + 7*j**2 - 5*j - 9. Let m(f) = l*b(f) - 9*a(f). Determine m(2).
-8
Let i(p) = p**2 + p + 11. Let q(l) = -l**3 + 36*l**2 - 69*l + 34. Let w be q(34). Give i(w).
11
Let a = 9 + -9. Suppose a = -3*i + 3*s - 7*s - 17, -4*i = 2*s + 6. Suppose -d + 2*d = i. Let k(c) = -c. Determine k(d).
-1
Let k(q) = -8*q**3 - 3. Let t(j) be the second derivative of 1/6*j**3 - 2*j**2 - 2*j + 0 - 2/5*j**5 + 0*j**4. Let i(r) = -3*k(r) + 2*t(r). Calculate i(-1).
-9
Let t(w) = -6 - 6*w - w + 5 - w**2 - 5. Suppose -v - 3*v - 24 = -4*x, 4*v + 23 = 5*x. Give t(v).
-6
Let q(p) = p**2 + 2*p - 1. Let h be (-2 - -2)*((-8)/(-6) - 1). Let a be h/1 - (18 - 2)/4. Calculate q(a).
7
Let g(q) = 8*q - 19. Let w(f) = 9*f - 20. Let v(m) = 7*g(m) - 6*w(m). Suppose -4*k + 49 = 13. What is v(k)?
5
Let w(r) = 2 - 1 - 4 + 11 + 3*r. Calculate w(-7).
-13
Suppose -40*q = -452 + 732. Let z(k) = k**3 + 9*k**2 + 10*k - 22. Give z(q).
6
Let p(a) = -a. Let t(n) = -3*n - 3. Let w(i) = 1. Let r(b) = t(b) + 3*w(b). Let l(s) = -p(s) - r(s). Calculate l(-2).
-8
Let l(i) = i + 1. Let k(d) = 9*d**2 + 7*d + 22. Let x(f) = -5*f**2 - 3*f - 11. Let b(y) = -4*k(y) - 7*x(y). Let h(q) = -b(q) - 6*l(q). Determine h(0).
5
Let d(f) = 3*f**2 + 6*f + 6. Let l(o) = -5*o**2 - 10*o - 9. Let j(c) = -8*d(c) - 5*l(c). What is j(-3)?
0
Let b(u) = u**2 - 13*u - 18. Suppose -4*w + 2*w = k - 69, 0 = 2*k - 6. Let n be (-44)/(-3) + (-22)/w. Let m be b(n). Let a(d) = -d**2 - 3*d - 6. What is a(m)?
-10
Let q be 4/(-10) + (-3419)/65. Let k = q - -46. Let t(a) = -a**2 - 9*a - 9. Calculate t(k).
5
Suppose -i + 2*i - 2*a = 6, -i - 3*a - 4 = 0. Let z(w) = w**i + 2*w - 5*w - 4*w + 4. What is z(4)?
-8
Let y = 45 - 39. Suppose 0 = 3*x - 3 + y. Let b(z) = 2*z + 1. Calculate b(x).
-1
Let r(f) = -2*f + 3*f + 0*f - 265 + 130 + 143. Suppose u + 4*h = 3, -4*h + 40 + 17 = -5*u. Give r(u).
-1
Let y(r) be the first derivative of r**7/840 - r**6/180 + r**5/120 + r**3/3 - 1. Let g(b) be the third derivative of y(b). Let f = -4238 - -4240. What is g(f)?
2
Let f(k) = 15*k - 207. Let w be f(14). Let j(g) be the first derivative of 1/3*g**w + 0*g + 3/2*g**2 - 5. Give j(-3).
0
Let a(l) = -76*l + 41*l + 2 + 4 + 32*l. Calculate a(-6).
24
Let c(u) = -2*u + 11. Suppose -15*m + 55*m - 360 = 0. Give c(m).
-7
Let q be (0 - -7) + -1 - 7. Let o(y) = 9*y - 2. What is o(q)?
-11
Let i(k) = -k**2 + k + 8*k**2 + 3 - 6*k**2 - 5*k. What is i(5)?
8
Let y = 2055 - 2053. Let i(q) = 2 - 2*q**2 - 2 + q. Give i(y).
-6
Let p(t) = t**3 - t**2 + 10. Let x be 8/28 + 24/14. Let v(l) = 114*l - 114*l - 16*l**x + l**3. Let u be v(16). What is p(u)?
10
Let d(r) = -9*r - 10. Let o(j) = -2*j - 1. Let y(s) = -d(s) + 5*o(s). Let i = -4 + 7. Suppose 0 = -k - i*b - 5, 1 = 